uppose 4*h + 500 = 9*h. Calculate the highest common divisor of z and h.
20
Suppose 5*k = -3*x + 108, 6*k - 116 = 2*k + 5*x. Suppose 5*v - 375 = -5*d, 5*v + d - 372 = -3*d. Calculate the greatest common divisor of v and k.
24
Let k(q) = -11*q - 9. Let u be (-1)/(3*3/36). Let i be k(u). Let n be i + 1 + (-2 - 1). What is the greatest common factor of n and 3?
3
Let w be ((-5)/(-20))/(2/12)*12. Calculate the greatest common factor of 162 and w.
18
Let q = -25 + 29. Suppose -q*f + 2*f + 65 = -3*a, -2*f + 71 = -5*a. What is the greatest common factor of f and 42?
14
Let t(n) = -n**2 + 7*n + n + 2*n - 5. Let p be t(9). Suppose i - 3*i = 4*d + 10, 0 = p*i + 2*d + 2. What is the highest common divisor of 11 and i?
1
Suppose 10*n = 192 + 258. Let k be (2 + 33/6)*2. Calculate the highest common factor of n and k.
15
Let k = -2219 + 2228. Calculate the highest common divisor of 1179 and k.
9
Let x(z) = z + 12. Let i be x(-6). Suppose -34 = -o - 2*f, f - 5*f + 20 = 0. What is the highest common factor of o and i?
6
Let z be 14/1 - (0 - 1). What is the highest common factor of 3 and z?
3
Suppose 0 = 61*a - 13*a - 144. Let r = 0 - -12. What is the highest common divisor of a and r?
3
Let l be 52*(-3)/(-6) - 2*1. Suppose 23*u = 27*u - l. Calculate the greatest common divisor of 24 and u.
6
Let d be ((-8)/5)/(8/(-20)). Suppose 162 - 482 = -d*l. What is the highest common factor of l and 10?
10
Let n = -781 + 810. Calculate the greatest common divisor of n and 87.
29
Let t = 72 - 77. Let y = 101 + t. Calculate the highest common factor of y and 6.
6
Let v = 70 + -129. Let f = v - -117. Suppose 5*p - 2175 = -10*p. What is the highest common divisor of f and p?
29
Let t(l) = 4*l**2 - l + 1. Let r be t(1). Let k be (14 - 18)*(-34)/r. What is the highest common factor of 102 and k?
34
Let l = 25 - 15. Let g(b) = -7*b - 17*b - 3*b - 1 - 1. Let f be g(-1). Calculate the highest common divisor of f and l.
5
Suppose 4*v - 2*k = 220, 0*v = -3*v - k + 175. Suppose 9 = 5*m + 4*t - t, 0 = m - 3*t - 9. Calculate the highest common divisor of v and m.
3
Suppose 0 = z - 7*z. Suppose 0 = 3*x + 4*a - 91, -x - a - 4*a + 23 = z. Calculate the highest common factor of x and 11.
11
Suppose -2*f - 2*d + 314 = 0, -4*f - 107 = 2*d - 741. Let l(x) = -8*x - 4 + x**2 - 10 + 6*x - 5. Let h be l(7). Calculate the greatest common factor of h and f.
16
Let d = -114 - -56. Let l be d/(-3) - 24/18. Suppose -720 = -0*n - 5*n. Calculate the highest common divisor of n and l.
18
Let m be 1314/10 - 15/(-25). Suppose 7*x - m = 5*x. What is the greatest common divisor of 44 and x?
22
Let x = 6 + -4. Suppose 2*s + x*s = 12. Let z be ((-38)/(-4))/(s/6). Calculate the highest common divisor of z and 209.
19
Let p(n) = 12*n**2 - 4*n - 3. Let i be p(-3). Let l = -2414 - -2423. What is the greatest common divisor of i and l?
9
Let f(a) be the first derivative of -a**3/3 - 5*a**2 - a + 37. Let r be f(-9). Calculate the greatest common divisor of 6 and r.
2
Let m(k) = 2*k**2 + 11*k. Let x be m(2). Calculate the highest common factor of 75 and x.
15
Suppose -14*w + 270 = -9*w. What is the greatest common factor of w and 2?
2
Let g = -153 + 468. Suppose g = t + 4*t. Calculate the highest common factor of t and 9.
9
Suppose 4*y - y - 36 = 0. Let q = -108 - -78. Let i = 36 + q. What is the greatest common factor of y and i?
6
Let g be (-3)/6*10*-1. Suppose -3*w + g*d = -w, 5*w - 70 = -5*d. What is the highest common factor of w and 110?
10
Suppose -4*g + 115 + 9 = 0. Let r be (2/4)/((-2)/(-124)). Calculate the greatest common factor of g and r.
31
Let m(y) = y**3 + 3*y**2 + 3*y + 1. Let r be m(-3). Let d be (-241)/r + 2/16*-1. Calculate the highest common factor of d and 75.
15
Let y(z) = 6*z**2 + 5*z + 17. Let d(b) = 5*b**2 + 6*b + 17. Let k(n) = 5*d(n) - 4*y(n). Let t be k(-9). What is the greatest common divisor of t and 88?
8
Suppose -28*q = -33*q + 20. Let k be ((-4)/(-1))/((-6)/1707). Let t be k/(-12) + q/24. Calculate the greatest common factor of t and 19.
19
Let i = -7 + 18. Let v = -158 - -250. Suppose 0 = -p + 2*p + 2*d - 30, v = 4*p + d. Calculate the highest common divisor of p and i.
11
Let q = 400 - 104. Calculate the highest common divisor of q and 37.
37
Let c(q) = -q**3 + 12*q**2 - 7. Let n be c(11). Let b(h) = -10*h - 4. Let m be b(-8). What is the highest common factor of m and n?
38
Suppose 5*g = 585 - 375. What is the greatest common divisor of 1050 and g?
42
Suppose -278 = 16*z - 14566. Calculate the greatest common divisor of z and 94.
47
Let m = 2065 - 1177. What is the greatest common factor of m and 24?
24
Let w = 55 - 37. Let b(y) = 7*y**2 - 10*y + 1. Let u be b(-1). Calculate the highest common divisor of u and w.
18
Suppose 9*x - 5*x - 5*k - 6370 = 0, k = -3*x + 4768. Calculate the highest common divisor of x and 30.
30
Suppose 11*j + 50 = 3438. Calculate the greatest common factor of j and 56.
28
Suppose 22*o - 216 = 14*o. Let a be 2/(-1) - (-540)/o. What is the greatest common divisor of a and 72?
18
Let g = -1 - -100. Calculate the highest common divisor of 33 and g.
33
Let q(w) = w**3 + 7*w**2 - w + 10. Let p = 13 + -10. Let h be (-1 - (16 - p))/2. Let a be q(h). What is the highest common factor of a and 136?
17
Suppose -3*m = o - 50 - 226, -4*o = -3*m - 1029. What is the greatest common divisor of 609 and o?
87
Suppose -v = -4*j + v + 190, -20 = -j - 5*v. Calculate the highest common factor of 36 and j.
9
Suppose 0 = 30*f - 34*f - 2*l + 608, 3*f = -4*l + 446. Calculate the highest common factor of 242 and f.
22
Let l be ((-21)/63 - (-32)/(-6))*-21. Calculate the highest common divisor of l and 2261.
119
Let m = -1 + 1. Suppose m = 3*h - 4 - 32. Suppose -5*a - 15 = -105. Calculate the highest common divisor of h and a.
6
Let i(z) = -z**3 - 4*z**2 + 7*z + 22. Let c be i(-5). Suppose -c + 40 = 4*k. Calculate the highest common divisor of k and 63.
7
Suppose -5*a + f = -f - 54, -4*a + 3*f = -46. Let g(h) = 2*h**2 - 17*h - 11. Let x be g(a). Calculate the greatest common factor of x and 152.
19
Suppose -a + 44 - 10 = -4*g, 2*a - 3*g - 73 = 0. What is the greatest common factor of 6 and a?
2
Suppose -2*a + 7 + 5 = -l, 4*l = a - 20. Suppose 0 = -f + 4*f + 12, 5*m + 2*f = 27. Let c = m + 13. What is the highest common factor of c and a?
4
Let f(k) = -k**3 + 19*k**2 - 22*k + 104. Let w be f(12). What is the highest common factor of 53 and w?
53
Suppose -4*y + 3*j = -31, 6*j = 3*y + j - 37. Suppose -2*d = -y*d + 192. Calculate the greatest common divisor of 64 and d.
32
Let b(k) = -k**2 - 22*k + 12. Let j be b(-20). Let i be -4 + j*5/10. What is the highest common divisor of 2 and i?
2
Let n be (-5)/(15/(-2063)) - 24/(-18). Calculate the highest common divisor of 13 and n.
13
Suppose -3107 = -26*p + 5837. Calculate the highest common divisor of p and 43.
43
Suppose 0 = -c - 11 - 19. Let v = c + 42. Let f be (19 + -1)/(9/v). What is the greatest common factor of f and 8?
8
Let g be (-111)/296 + (-4486)/(-16). Calculate the highest common divisor of 224 and g.
56
Suppose 0 = 5*g - 33 - 52. Suppose -3*l + g = -25. Suppose z = 4*z - 84. What is the greatest common divisor of z and l?
14
Let s(j) = j**3 + 14*j**2 - 14*j + 22. Let t be s(-15). Suppose -6*m + m + 35 = 0. Calculate the greatest common factor of m and t.
7
Let t = -34 - -38. Suppose -75 = -5*z - 5*i, t*z - 2*i = -z + 54. Calculate the greatest common factor of 3 and z.
3
Let n be (4 - 5)/(2/946). Let v be n/66 + 2/12. Let t = 49 - v. What is the greatest common divisor of 7 and t?
7
Let x be 5 - 95/20 - 1631/(-4). Suppose -17*m + x + 272 = 0. What is the greatest common factor of m and 10?
10
Suppose -3*q + 16 = -17. Suppose b = -2, -y + 16 + 52 = 5*b. Suppose 2*o - y = -2*l, -3*o = -l - 91 - 46. Calculate the highest common divisor of o and q.
11
Suppose -26*g = -24*g - 4. Suppose -3*y + 13 = -g. What is the greatest common factor of 45 and y?
5
Let d be -5 - -27*(2 - 1). Let k = -179 - -377. Calculate the greatest common divisor of k and d.
22
Let s(p) = p**3 + p + 75. Let y be s(0). Let i = y + -50. What is the greatest common factor of i and 125?
25
Let z(w) = -314 + 5*w**2 - 2*w**3 + 314 - 13*w - 4*w**2. Let x be z(-6). Let b be x/45 - 2/15. What is the greatest common divisor of b and 6?
6
Let s = -22 - -25. Suppos